{"id":61,"date":"2021-07-19T16:08:02","date_gmt":"2021-07-19T16:08:02","guid":{"rendered":"https:\/\/valledelrosarioxela.com\/?page_id=61"},"modified":"2025-08-19T20:37:39","modified_gmt":"2025-08-19T20:37:39","slug":"urbanizacion","status":"publish","type":"page","link":"https:\/\/valledelrosarioxela.com\/?page_id=61","title":{"rendered":"Urbanizaci\u00f3n"},"content":{"rendered":"\n\t<section class=\"section dark\" id=\"section_301011083\">\n\t\t<div class=\"bg section-bg fill bg-fill  \" >\n\n\t\t\t\n\t\t\t<div class=\"section-bg-overlay absolute fill\"><\/div>\n\t\t\t\n\n\t\t<\/div>\n\n\t\t<div class=\"section-content relative\">\n\t\t\t\n\n<div class=\"row\"  id=\"row-178160586\">\n\n\n\t<div id=\"col-1349223325\" class=\"col medium-8 small-12 large-6\"  >\n\t\t\t\t<div class=\"col-inner\"  >\n\t\t\t\n\t\t\t\n\n<h6>Aqu\u00ed te explicamos el proceso de\u00a0<\/h6>\n<h2><span style=\"font-size: 200%;\">Urbanizaci\u00f3n de Residenciales Valle del Rosario<\/span><\/h2>\n<a href=\"https:\/\/valledelrosarioxela.com\/?page_id=60\" target=\"_self\" class=\"button secondary is-underline\"  >\n    <span>Haz tu cita<\/span>\n  <\/a>\n\n\n\n\t\t<\/div>\n\t\t\t\t\t<\/div>\n\n\t\n\n<\/div>\n\n\t\t<\/div>\n\n\t\t\n<style>\n#section_301011083 {\n  padding-top: 30px;\n  padding-bottom: 30px;\n  min-height: 450px;\n  background-color: rgb(39, 54, 71);\n}\n#section_301011083 .section-bg-overlay {\n  background-color: rgba(11, 21, 33, 0.57);\n}\n#section_301011083 .section-bg.bg-loaded {\n  background-image: url(https:\/\/valledelrosarioxela.com\/wp-content\/uploads\/2022\/12\/DJI_0451-scaled.jpg);\n}\n#section_301011083 .section-bg {\n  background-position: 32% 24%;\n}\n<\/style>\n\t<\/section>\n\t\n<div class=\"video video-fit mb\" style=\"padding-top:56.25%;\"><iframe loading=\"lazy\" title=\"Urbanizaci\u00f3n de Condominio Residenciales Valle del Rosario Quetzaltenango\" width=\"1020\" height=\"574\" src=\"https:\/\/www.youtube.com\/embed\/yEzMeNhnX08?feature=oembed\" frameborder=\"0\" allow=\"accelerometer; autoplay; clipboard-write; encrypted-media; gyroscope; picture-in-picture\" allowfullscreen><\/iframe><\/div>\n\n<div class=\"row align-equal\"  id=\"row-428873834\">\n\n\n\t<div id=\"col-870794319\" class=\"col medium-4 small-12 large-4\"  >\n\t\t\t\t<div class=\"col-inner\"  >\n\t\t\t\n\t\t\t\n\n\t<section class=\"section\" id=\"section_902765905\">\n\t\t<div class=\"bg section-bg fill bg-fill  bg-loaded\" >\n\n\t\t\t\n\t\t\t\n\t\t\t\n\t<div class=\"is-border\"\n\t\tstyle=\"border-color:rgb(39, 54, 71);border-width:2px 2px 2px 2px;\">\n\t<\/div>\n\n\t\t<\/div>\n\n\t\t<div class=\"section-content relative\">\n\t\t\t\n\n\t<div id=\"text-1042604703\" class=\"text\">\n\t\t\n\n<h6>01<\/h6>\n<h2>Licencia de urbanizaci\u00f3n<\/h2>\n<p>100% Terminada<\/p>\n<p>Nuestro condominio esta aprobado por la Municipalidad de Quetzaltenango.\u00a0<\/p>\n<p>Lotificaci\u00f3n aprobada seg\u00fan<\/p>\n<p>Acta n\u00famero 101-2019 del punto d\u00e9cimo s\u00e9ptimo seg\u00fan expediente n\u00famero VUPU-01518<\/p>\n\t\t\n<style>\n#text-1042604703 {\n  color: rgb(140, 91, 63);\n}\n#text-1042604703 > * {\n  color: rgb(140, 91, 63);\n}\n<\/style>\n\t<\/div>\n\t\n\n\t\t<\/div>\n\n\t\t\n<style>\n#section_902765905 {\n  padding-top: 30px;\n  padding-bottom: 30px;\n}\n<\/style>\n\t<\/section>\n\t\n\n\t\t<\/div>\n\t\t\t\t\t<\/div>\n\n\t\n\n\t<div id=\"col-1990973177\" class=\"col medium-4 small-12 large-4\"  >\n\t\t\t\t<div class=\"col-inner\"  >\n\t\t\t\n\t\t\t\n\n\t<section class=\"section dark\" id=\"section_1297924625\">\n\t\t<div class=\"bg section-bg fill bg-fill  bg-loaded\" >\n\n\t\t\t\n\t\t\t\n\t\t\t\n\t<div class=\"is-border\"\n\t\tstyle=\"border-color:rgb(39, 54, 71);border-width:2px 2px 2px 2px;\">\n\t<\/div>\n\n\t\t<\/div>\n\n\t\t<div class=\"section-content relative\">\n\t\t\t\n\n<h6>02<\/h6>\n<h2>Escrituraci\u00f3n de lotes<\/h2>\n<p>100% Escriturado<\/p>\n<p>Todos los lotes y \u00e1reas comunes est\u00e1n registradas en el Segundo Registro de la Propiedad con su debido n\u00famero de folio, libro y finca.<\/p>\n<p>Puedes preguntar los datos del lote que te gusta y con mucho gusto te los damos para tu mayor confianza y seguridad.<\/p>\n\n\t\t<\/div>\n\n\t\t\n<style>\n#section_1297924625 {\n  padding-top: 30px;\n  padding-bottom: 30px;\n  background-color: rgb(140, 91, 63);\n}\n<\/style>\n\t<\/section>\n\t\n\n\t\t<\/div>\n\t\t\t\t\t<\/div>\n\n\t\n\n\t<div id=\"col-326771701\" class=\"col medium-4 small-12 large-4\"  >\n\t\t\t\t<div class=\"col-inner\"  >\n\t\t\t\n\t\t\t\n\n\t<section class=\"section\" id=\"section_969996664\">\n\t\t<div class=\"bg section-bg fill bg-fill  bg-loaded\" >\n\n\t\t\t\n\t\t\t\n\t\t\t\n\t<div class=\"is-border\"\n\t\tstyle=\"border-color:rgb(39, 54, 71);border-width:2px 2px 2px 2px;\">\n\t<\/div>\n\n\t\t<\/div>\n\n\t\t<div class=\"section-content relative\">\n\t\t\t\n\n\t<div id=\"text-3930226676\" class=\"text\">\n\t\t\n\n<h6>03<\/h6>\n<h2>Pared perimetral<\/h2>\n<p>100% instalada.<\/p>\n<p>Valle del Rosario cuenta con una pared perimetral de 930 metros lineales para la protecci\u00f3n y seguridad del condominio.<\/p>\n<p>Sus materiales son blocones, planchas y postes prefabricadas. Altura libre 2.5 metros.<\/p>\n\t\t\n<style>\n#text-3930226676 {\n  color: rgb(140, 91, 63);\n}\n#text-3930226676 > * {\n  color: rgb(140, 91, 63);\n}\n<\/style>\n\t<\/div>\n\t\n\n\t\t<\/div>\n\n\t\t\n<style>\n#section_969996664 {\n  padding-top: 30px;\n  padding-bottom: 30px;\n}\n<\/style>\n\t<\/section>\n\t\n\n\t\t<\/div>\n\t\t\t\t\t<\/div>\n\n\t\n\n<\/div>\n<div class=\"row align-equal\"  id=\"row-424006386\">\n\n\n\t<div id=\"col-1792925996\" class=\"col medium-4 small-12 large-4\"  >\n\t\t\t\t<div class=\"col-inner\"  >\n\t\t\t\n\t\t\t\n\n\t<section class=\"section\" id=\"section_810463596\">\n\t\t<div class=\"bg section-bg fill bg-fill  bg-loaded\" >\n\n\t\t\t\n\t\t\t\n\t\t\t\n\t<div class=\"is-border\"\n\t\tstyle=\"border-color:rgb(39, 54, 71);border-width:2px 2px 2px 2px;\">\n\t<\/div>\n\n\t\t<\/div>\n\n\t\t<div class=\"section-content relative\">\n\t\t\t\n\n\t<div id=\"text-3906130084\" class=\"text\">\n\t\t\n\n<h6>04<\/h6>\n<h2>Garita de seguridad<\/h2>\n<p>95% hecha.<\/p>\n<p>La entrada para Residenciales Valla del Rosario est\u00e1 ubicado en el oeste del proyecto. La construcci\u00f3n con dise\u00f1o arquitect\u00f3nico propone una visual para el mejoramiento de imagen del sitio. Las alturas propuestas brindan amplitud hacia las vistas de los bellos paisajes de Quetzaltenango.\u00a0\u00a0<\/p>\n\t\t\n<style>\n#text-3906130084 {\n  color: rgb(252, 249, 247);\n}\n#text-3906130084 > * {\n  color: rgb(252, 249, 247);\n}\n<\/style>\n\t<\/div>\n\t\n\n\t\t<\/div>\n\n\t\t\n<style>\n#section_810463596 {\n  padding-top: 30px;\n  padding-bottom: 30px;\n  background-color: rgb(140, 91, 63);\n}\n<\/style>\n\t<\/section>\n\t\n\n\t\t<\/div>\n\t\t\t\t\t<\/div>\n\n\t\n\n\t<div id=\"col-1090295999\" class=\"col medium-4 small-12 large-4\"  >\n\t\t\t\t<div class=\"col-inner\"  >\n\t\t\t\n\t\t\t\n\n\t<section class=\"section dark\" id=\"section_1729636801\">\n\t\t<div class=\"bg section-bg fill bg-fill  bg-loaded\" >\n\n\t\t\t\n\t\t\t\n\t\t\t\n\t<div class=\"is-border\"\n\t\tstyle=\"border-color:rgb(39, 54, 71);border-width:2px 2px 2px 2px;\">\n\t<\/div>\n\n\t\t<\/div>\n\n\t\t<div class=\"section-content relative\">\n\t\t\t\n\n\t<div id=\"text-2008815979\" class=\"text\">\n\t\t\n\n<h6>05<\/h6>\n<h2>Drenaje de aguas negras y agua pluvial<\/h2>\n<p>Proceso terminado en un 100%.<\/p>\n<p>Planta de tratamiento de aguas negras subterr\u00e1nea que limpia el agua pasando por un proceso de desarenador, quita grasa y biodigestor, para regresar al manto fri\u00e1tico por 3 pozos de absorci\u00f3n.\u00a0<\/p>\n\t\t\n<style>\n#text-2008815979 {\n  color: rgb(140, 91, 63);\n}\n#text-2008815979 > * {\n  color: rgb(140, 91, 63);\n}\n<\/style>\n\t<\/div>\n\t\n\n\t\t<\/div>\n\n\t\t\n<style>\n#section_1729636801 {\n  padding-top: 30px;\n  padding-bottom: 30px;\n  background-color: rgb(249, 247, 245);\n}\n<\/style>\n\t<\/section>\n\t\n\n\t\t<\/div>\n\t\t\t\t\t<\/div>\n\n\t\n\n\t<div id=\"col-1546993470\" class=\"col medium-4 small-12 large-4\"  >\n\t\t\t\t<div class=\"col-inner\"  >\n\t\t\t\n\t\t\t\n\n\t<section class=\"section\" id=\"section_507662040\">\n\t\t<div class=\"bg section-bg fill bg-fill  bg-loaded\" >\n\n\t\t\t\n\t\t\t\n\t\t\t\n\t<div class=\"is-border\"\n\t\tstyle=\"border-color:rgb(39, 54, 71);border-width:2px 2px 2px 2px;\">\n\t<\/div>\n\n\t\t<\/div>\n\n\t\t<div class=\"section-content relative\">\n\t\t\t\n\n\t<div id=\"text-1803262111\" class=\"text\">\n\t\t\n\n<h6>06<\/h6>\n<h2>Agua potable<\/h2>\n<p>Proceso terminado en un 100%<\/p>\n<p>Conformado por un pozo propio, tanque elevado y la distribuci\u00f3n de tuber\u00edas para cada casa de 1\/2 paja. La llegada de agua a las casas es por medio de un sistema de gravedad por el tanque elevado.<\/p>\n\t\t\n<style>\n#text-1803262111 {\n  color: rgb(255, 255, 255);\n}\n#text-1803262111 > * {\n  color: rgb(255, 255, 255);\n}\n<\/style>\n\t<\/div>\n\t\n\n\t\t<\/div>\n\n\t\t\n<style>\n#section_507662040 {\n  padding-top: 30px;\n  padding-bottom: 30px;\n  background-color: rgb(140, 91, 63);\n}\n<\/style>\n\t<\/section>\n\t\n\n\t\t<\/div>\n\t\t\t\t\t<\/div>\n\n\t\n\n<\/div>\n<div class=\"row align-equal\"  id=\"row-2129793289\">\n\n\n\t<div id=\"col-577706655\" class=\"col medium-4 small-12 large-4\"  >\n\t\t\t\t<div class=\"col-inner\"  >\n\t\t\t\n\t\t\t\n\n\t<section class=\"section\" id=\"section_1218656159\">\n\t\t<div class=\"bg section-bg fill bg-fill  bg-loaded\" >\n\n\t\t\t\n\t\t\t\n\t\t\t\n\t<div class=\"is-border\"\n\t\tstyle=\"border-color:rgb(39, 54, 71);border-width:2px 2px 2px 2px;\">\n\t<\/div>\n\n\t\t<\/div>\n\n\t\t<div class=\"section-content relative\">\n\t\t\t\n\n\t<div id=\"text-534174463\" class=\"text\">\n\t\t\n\n<h6>07<\/h6>\n<h2>Rodadura<\/h2>\n<p>Proceso terminado en un 100%<\/p>\n<p>Las calles estan hechas de adoqu\u00edn decorativo de alto tr\u00e1fico. Las capas compuestas para la capa de rodadura son: subrasante, la base, la capa de arena de asiento, adoquines y sello de arena. Las calles tienen un ancho de 9 &#8211; 6 metros de ancho dependiendo su ubicaci\u00f3n.<\/p>\n\t\t\n<style>\n#text-534174463 {\n  color: rgb(140, 91, 63);\n}\n#text-534174463 > * {\n  color: rgb(140, 91, 63);\n}\n<\/style>\n\t<\/div>\n\t\n\n\t\t<\/div>\n\n\t\t\n<style>\n#section_1218656159 {\n  padding-top: 30px;\n  padding-bottom: 30px;\n  background-color: rgb(255, 255, 255);\n}\n<\/style>\n\t<\/section>\n\t\n\n\t\t<\/div>\n\t\t\t\t\t<\/div>\n\n\t\n\n\t<div id=\"col-1369122346\" class=\"col medium-4 small-12 large-4\"  >\n\t\t\t\t<div class=\"col-inner\"  >\n\t\t\t\n\t\t\t\n\n\t<section class=\"section dark\" id=\"section_794105842\">\n\t\t<div class=\"bg section-bg fill bg-fill  bg-loaded\" >\n\n\t\t\t\n\t\t\t\n\t\t\t\n\t<div class=\"is-border\"\n\t\tstyle=\"border-color:rgb(39, 54, 71);border-width:2px 2px 2px 2px;\">\n\t<\/div>\n\n\t\t<\/div>\n\n\t\t<div class=\"section-content relative\">\n\t\t\t\n\n\t<div id=\"text-2215189901\" class=\"text\">\n\t\t\n\n<h6>08<\/h6>\n<h2>Electricidad<\/h2>\n<p>Proceso terminado en un 100%<\/p>\n<p>Estar\u00e1 conformada por 28 postes para su cableado a\u00e9reo con alumbrado. 240 y 120.\u00a0<\/p>\n<p>Energ\u00eda el\u00e9ctrica municipal.\u00a0<\/p>\n\t\t\n<style>\n#text-2215189901 {\n  color: rgb(255, 255, 255);\n}\n#text-2215189901 > * {\n  color: rgb(255, 255, 255);\n}\n<\/style>\n\t<\/div>\n\t\n\n\t\t<\/div>\n\n\t\t\n<style>\n#section_794105842 {\n  padding-top: 30px;\n  padding-bottom: 30px;\n  background-color: rgb(140, 91, 63);\n}\n<\/style>\n\t<\/section>\n\t\n\n\t\t<\/div>\n\t\t\t\t\t<\/div>\n\n\t\n\n\t<div id=\"col-958068505\" class=\"col medium-4 small-12 large-4\"  >\n\t\t\t\t<div class=\"col-inner\"  >\n\t\t\t\n\t\t\t\n\n\t<section class=\"section\" id=\"section_857323486\">\n\t\t<div class=\"bg section-bg fill bg-fill  bg-loaded\" >\n\n\t\t\t\n\t\t\t\n\t\t\t\n\t<div class=\"is-border\"\n\t\tstyle=\"border-color:rgb(39, 54, 71);border-width:2px 2px 2px 2px;\">\n\t<\/div>\n\n\t\t<\/div>\n\n\t\t<div class=\"section-content relative\">\n\t\t\t\n\n\t<div id=\"text-4193568932\" class=\"text\">\n\t\t\n\n<h6>09<\/h6>\n<h2>Jardinizaci\u00f3n<\/h2>\n<p>Proceso terminado en un 50%<\/p>\n<p>Conformado por 10 jardines, donde se plantar\u00e1n arbustos ornamentales y grama. El \u00e1rbol seleccionado para el condominio es la &#8220;jacaranda&#8221;, caracterizado por sus flores moradas.\u00a0<\/p>\n\t\t\n<style>\n#text-4193568932 {\n  color: rgb(140, 91, 63);\n}\n#text-4193568932 > * {\n  color: rgb(140, 91, 63);\n}\n<\/style>\n\t<\/div>\n\t\n\n\t\t<\/div>\n\n\t\t\n<style>\n#section_857323486 {\n  padding-top: 30px;\n  padding-bottom: 30px;\n  background-color: rgb(255, 255, 255);\n}\n<\/style>\n\t<\/section>\n\t\n\n\t\t<\/div>\n\t\t\t\t\t<\/div>\n\n\t\n\n<\/div>\n\n","protected":false},"excerpt":{"rendered":"","protected":false},"author":1,"featured_media":0,"parent":0,"menu_order":0,"comment_status":"closed","ping_status":"closed","template":"","meta":{"nf_dc_page":"","om_disable_all_campaigns":false,"_monsterinsights_skip_tracking":false,"_monsterinsights_sitenote_active":false,"_monsterinsights_sitenote_note":"","_monsterinsights_sitenote_category":0,"footnotes":""},"class_list":["post-61","page","type-page","status-publish","hentry"],"aioseo_notices":[],"jetpack_sharing_enabled":true,"_links":{"self":[{"href":"https:\/\/valledelrosarioxela.com\/index.php?rest_route=\/wp\/v2\/pages\/61","targetHints":{"allow":["GET"]}}],"collection":[{"href":"https:\/\/valledelrosarioxela.com\/index.php?rest_route=\/wp\/v2\/pages"}],"about":[{"href":"https:\/\/valledelrosarioxela.com\/index.php?rest_route=\/wp\/v2\/types\/page"}],"author":[{"embeddable":true,"href":"https:\/\/valledelrosarioxela.com\/index.php?rest_route=\/wp\/v2\/users\/1"}],"replies":[{"embeddable":true,"href":"https:\/\/valledelrosarioxela.com\/index.php?rest_route=%2Fwp%2Fv2%2Fcomments&post=61"}],"version-history":[{"count":5,"href":"https:\/\/valledelrosarioxela.com\/index.php?rest_route=\/wp\/v2\/pages\/61\/revisions"}],"predecessor-version":[{"id":523,"href":"https:\/\/valledelrosarioxela.com\/index.php?rest_route=\/wp\/v2\/pages\/61\/revisions\/523"}],"wp:attachment":[{"href":"https:\/\/valledelrosarioxela.com\/index.php?rest_route=%2Fwp%2Fv2%2Fmedia&parent=61"}],"curies":[{"name":"wp","href":"https:\/\/api.w.org\/{rel}","templated":true}]}}